ate the remainder when 911205 is divided by 3813.
3711
Calculate the remainder when 9906504 is divided by 440.
344
Calculate the remainder when 457562 is divided by 4669.
0
What is the remainder when 17639463 is divided by 136740?
3
What is the remainder when 158086 is divided by 11276?
222
What is the remainder when 100199 is divided by 39?
8
Calculate the remainder when 6871930 is divided by 163617.
16
Calculate the remainder when 930003874 is divided by 3317.
3316
What is the remainder when 4990 is divided by 2874?
2116
What is the remainder when 141196 is divided by 411?
223
What is the remainder when 71164 is divided by 1138?
608
What is the remainder when 83822 is divided by 20916?
158
What is the remainder when 1324160 is divided by 331030?
40
Calculate the remainder when 3899760 is divided by 21.
18
Calculate the remainder when 388691 is divided by 7632.
7091
Calculate the remainder when 59688 is divided by 728.
720
Calculate the remainder when 16998585 is divided by 1888719.
114
Calculate the remainder when 27724 is divided by 1615.
269
Calculate the remainder when 3906611 is divided by 77.
16
Calculate the remainder when 776212 is divided by 767.
8
What is the remainder when 4246642 is divided by 2591?
2584
What is the remainder when 1344747 is divided by 1265?
52
Calculate the remainder when 2677694 is divided by 14.
12
Calculate the remainder when 66397058 is divided by 98366.
8
Calculate the remainder when 14979 is divided by 1925.
1504
What is the remainder when 8617746 is divided by 19?
11
What is the remainder when 13892447 is divided by 13892435?
12
What is the remainder when 545096 is divided by 77854?
118
Calculate the remainder when 853561 is divided by 736.
537
Calculate the remainder when 11846659 is divided by 185.
184
Calculate the remainder when 255060 is divided by 70.
50
Calculate the remainder when 24051311 is divided by 47252.
43
Calculate the remainder when 14313506 is divided by 365.
31
What is the remainder when 328815 is divided by 21908?
195
Calculate the remainder when 1959039495 is divided by 38.
35
Calculate the remainder when 380348 is divided by 1619.
1502
Calculate the remainder when 2032721 is divided by 897.
119
What is the remainder when 929968 is divided by 929871?
97
What is the remainder when 4589696 is divided by 1114?
16
What is the remainder when 988350 is divided by 3015?
2445
Calculate the remainder when 134759 is divided by 64.
39
What is the remainder when 47815707 is divided by 33792?
27
What is the remainder when 822192 is divided by 68508?
96
Calculate the remainder when 161165675 is divided by 76.
75
Calculate the remainder when 86006873 is divided by 17.
14
Calculate the remainder when 148084018 is divided by 24680658.
70
What is the remainder when 11943233 is divided by 3981065?
38
Calculate the remainder when 73492 is divided by 4181.
2415
Calculate the remainder when 998768 is divided by 43424.
16
What is the remainder when 6452429 is divided by 2150809?
2
What is the remainder when 21208811 is divided by 1178266?
23
What is the remainder when 170541 is divided by 55715?
3396
What is the remainder when 549362 is divided by 161?
30
Calculate the remainder when 5783286 is divided by 275394.
12
What is the remainder when 3402470 is divided by 181?
32
What is the remainder when 10185 is divided by 3057?
1014
Calculate the remainder when 24910 is divided by 1910.
80
What is the remainder when 246413 is divided by 122739?
935
Calculate the remainder when 20200551 is divided by 3459.
3450
What is the remainder when 14287968 is divided by 198444?
0
Calculate the remainder when 310846 is divided by 141.
82
Calculate the remainder when 260573 is divided by 23688.
5
What is the remainder when 480000 is divided by 169?
40
Calculate the remainder when 29483 is divided by 13894.
1695
Calculate the remainder when 595220 is divided by 270.
140
What is the remainder when 162995 is divided by 72?
59
Calculate the remainder when 6615039 is divided by 2344.
271
What is the remainder when 65608217 is divided by 234?
233
What is the remainder when 1627223 is divided by 59?
3
Calculate the remainder when 98101205 is divided by 1464.
29
Calculate the remainder when 9496508 is divided by 1449.
1211
Calculate the remainder when 1368986 is divided by 105.
101
What is the remainder when 86462 is divided by 1604?
1450
What is the remainder when 1788296 is divided by 894143?
10
What is the remainder when 12876766 is divided by 2464?
2366
Calculate the remainder when 883411 is divided by 3775.
61
Calculate the remainder when 152981 is divided by 28.
17
What is the remainder when 35639 is divided by 7039?
444
What is the remainder when 287239 is divided by 7?
1
What is the remainder when 10891130 is divided by 518625?
5
Calculate the remainder when 1978151 is divided by 9331.
9310
What is the remainder when 56606843 is divided by 8086691?
6
What is the remainder when 216876 is divided by 249?
246
Calculate the remainder when 1931163 is divided by 1227.
1092
What is the remainder when 156600 is divided by 52157?
129
Calculate the remainder when 1312363 is divided by 86.
3
Calculate the remainder when 19190 is divided by 194.
178
What is the remainder when 173452966 is divided by 2669?
2663
Calculate the remainder when 1083916 is divided by 181.
88
What is the remainder when 517464 is divided by 24?
0
Calculate the remainder when 259787 is divided by 190.
57
What is the remainder when 9596507 is divided by 37052?
39
Calculate the remainder when 8665132 is divided by 374.
300
What is the remainder when 121304 is divided by 4038?
164
Calculate the remainder when 999332 is divided by 2052.
8
Calculate the remainder when 1081813 is divided by 5128.
4933
What is the remainder when 3529 is divided by 111?
88
What is the remainder when 19654887 is divided by 22?
21
What is the remainder when 20238797 is divided by 316231?
13
Calculate the remainder when 81770 is divided by 8064.
1130
What is the remainder when 176483 is divided by 108?
11
What is the remainder when 141104 is divided by 46894?
422
Calculate the remainder when 40792 is divided by 3635.
807
Calculate the remainder when 423461243 is divided by 250.
243
Calculate the remainder when 543870 is divided by 41831.
67
What is the remainder when 1594080 is divided by 199247?
104
What is the remainder when 55277 is divided by 1200?
77
What is the remainder when 1169833 is divided by 81?
31
Calculate the remainder when 1101112 is divided by 183511.
46
What is the remainder when 1850 is divided by 897?
56
What is the remainder when 160459 is divided by 160280?
179
What is the remainder when 142328411 is divided by 3103?
7
Calculate the remainder when 1556190970 is divided by 266.
264
Calculate the remainder when 10676467 is divided by 1334533.
203
Calculate the remainder when 374493 is divided by 374488.
5
What is the remainder when 66411256 is divided by 3?
1
Calculate the remainder when 14729702 is divided by 701412.
50
Calculate the remainder when 4024162 is divided by 1341383.
13
Calculate the remainder when 804398 is divided by 89358.
176
Calculate the remainder when 21123147 is divided by 86.
85
What is the remainder when 411475 is divided by 411430?
45
Calculate the remainder when 61615310 is divided by 13146.
8
What is the remainder when 47263479 is divided by 76?
67
What is the remainder when 57371867 is divided by 36?
35
Calculate the remainder when 1694762 is divided by 169476.
2
Calculate the remainder when 51207241 is divided by 43.
3
Calculate the remainder when 33488057 is divided by 620.
617
What is the remainder when 8413908 is divided by 333?
330
Calculate the remainder when 38839100 is divided by 1688656.
12
Calculate the remainder when 5897017 is divided by 31704.
73
Calculate the remainder when 262482 is divided by 2917.
2869
Calculate the remainder when 43890 is divided by 32.
18
What is the remainder when 131570 is divided by 591?
368
Calculate the remainder when 48068 is divided by 15862.
482
Calculate the remainder when 415261 is divided by 5766.
109
What is the remainder when 5167314 is divided by 129?
90
What is the remainder when 32622 is divided by 28554?
4068
Calculate the remainder when 6125851 is divided by 225.
1
What is the remainder